 Let g be u(-8). Calculate the highest common divisor of i and g.
16
Let i = 29 - 17. Let a be -18*(i/9 + -2). Let x be a + (1*-6 - -4). What is the highest common factor of 2 and x?
2
Let n = -594 + 618. What is the greatest common divisor of n and 5100?
12
Suppose -73*y - 5449 = 20*y - 91288. What is the greatest common divisor of y and 13?
13
Let f = 20 + 14. Suppose -3*l - 11 = -5, 212 = 4*w - 4*l. What is the highest common factor of f and w?
17
Suppose 0 = i + 24 - 654. Suppose 2*c - i = -7*c. Let w = c - -15. What is the greatest common divisor of w and 17?
17
Let l(p) = -3*p**2 + 65*p - 25. Let f be l(23). Let v be (-3 + 4)*(1 - f) - 4. Calculate the greatest common factor of v and 6.
6
Suppose -28*p - 3*p = 17329. Let a = p - -584. Calculate the greatest common factor of 675 and a.
25
Let k(v) = -v**2 - 20*v - 43. Let j be k(-19). Let n = 29 - j. Let m = -39 + n. What is the highest common divisor of 98 and m?
14
Let y(i) = 40*i + 350. Let x be ((-2046)/(-24))/(-11) - (-3)/(-12). Let a be y(x). What is the greatest common divisor of 260 and a?
10
Let b = 132 - 36. Let l = 26800 - 26791. Calculate the greatest common divisor of l and b.
3
Suppose -575 = -5*s + z + 65, 1664 = 13*s - 5*z. Suppose 0 = -3*f + h - 5*h + 304, 0 = 4*f + 4*h - 400. What is the greatest common factor of s and f?
32
Let j be 400 - (35/21 - (120/(-18))/(-4)). Calculate the greatest common factor of 896 and j.
16
Let t(l) = 743*l**2 - 32*l - 167. Let n be t(-5). Calculate the highest common divisor of 88 and n.
88
Suppose -809 = -44*p - 281. Suppose 41 = 10*c + 11. Calculate the highest common divisor of p and c.
3
Let v(g) = 29*g + 1503. Let c be v(-27). Calculate the highest common divisor of 792 and c.
72
Suppose 0 = -5*p - 10093 + 15133. What is the greatest common factor of p and 1800?
72
Suppose 0 = -59*h + 63*h + 5*t - 732, -5*t - 183 = -h. What is the greatest common divisor of h and 5429?
61
Suppose -64*z = -9246 - 4578. Calculate the highest common divisor of 168 and z.
24
Let n = 599 + -566. Let d be (n/(-22))/(9/(-96)). Let i be 15/2*32/3. Calculate the greatest common factor of i and d.
16
Let h = -8800 - -8806. What is the highest common divisor of 1545 and h?
3
Let i be (16 + -30)/(-7) + 53*16. What is the highest common factor of i and 68?
34
Let p = -17 + 20. Suppose -5*h - 15 = -5, 2*o - p*h = 158. Let n = o + -50. Calculate the highest common divisor of n and 39.
13
Suppose -17*f - 21 = -24*f. Suppose 0 = 2*z - 2, -4*a + 5*z + 3 = -f*a. What is the highest common factor of a and 1?
1
Let q be (-19 - 10*(-3)/2) + (3 - -166). Suppose 52 = 4*u + 2*c, -2*c + 89 - 22 = 5*u. Calculate the greatest common factor of u and q.
15
Let h(q) = -q**2 - 16*q + 2. Let b be h(-14). Suppose b*r = 5*r + 550. What is the greatest common divisor of r and 66?
22
Suppose -6698*d - 675 = -6707*d. Let k be 376/(-7) + (-2)/7. Let m = k + d. Calculate the highest common factor of 105 and m.
21
Let l = -4900 + 5656. Calculate the highest common divisor of 8 and l.
4
Let u = 10 + -6. Suppose 4*p = 16, 1150 = 5*l + 6*p - p. Let c = 236 - l. Calculate the highest common divisor of u and c.
2
Let k = 9 - 6. Suppose k*a - 460 - 8 = 0. Calculate the greatest common factor of a and 4.
4
Suppose -7*y - 2*y = -y - 47808. What is the highest common divisor of y and 144?
72
Let d be ((-3)/(6/20))/((-23)/184). Let x be -1*(4 - 2)*-2. Let v = 36 - x. Calculate the highest common factor of v and d.
16
Let q(s) = -s**3 - 34*s**2 + 16*s - 5. Let a be q(-35). What is the greatest common divisor of a and 300?
60
Let u(k) = 13*k + 820. Let j be u(-45). Calculate the greatest common divisor of j and 5875.
235
Let u(a) = a**2 + 40*a + 330. Let d be u(-52). Calculate the highest common divisor of 90 and d.
18
Let t(w) = 3*w - 9. Let i be t(6). Let x be 201/i + (-1)/3. Let h(v) = -14*v + 268. Let m be h(19). Calculate the greatest common divisor of m and x.
2
Suppose 0 = 19*g - 14*g - 4*i - 839, 0 = g - 5*i - 151. Calculate the highest common divisor of g and 589.
19
Let s = -3154 - -3156. What is the highest common divisor of 163 and s?
1
Let l be ((-36)/54)/((-3)/90). Calculate the greatest common divisor of 64 and l.
4
Suppose 0 = t - 5*r - 33017, -4702*t + 4707*t + r - 165059 = 0. Calculate the greatest common divisor of 28 and t.
28
Let k be 1/(-2)*(9 - 7). Let t be (-1)/(-3) - (k + 1502/6). Let u = -164 - t. Calculate the greatest common factor of 34 and u.
17
Let u = -1522 + 3108. Calculate the greatest common divisor of 26 and u.
26
Let n(m) = -3 - 6*m + 0 + 3*m. Let c be n(-9). Let d(g) = 17*g**2 - 2*g - 72. Let i be d(4). Calculate the greatest common divisor of i and c.
24
Let w = 85 + -10. Suppose a + 168 = 2*l, 4*l - 3*l - w = -4*a. Suppose -l*b = -81*b - 62. What is the greatest common factor of b and 31?
31
Let o(t) = 4*t**2 - 4*t - 2. Let f be o(2). Suppose 833 = j + f*j. Calculate the greatest common divisor of j and 17.
17
Suppose 9*y = 4*y + 50. Let x = -8 + y. Let q be (-108)/(-8)*x/3. What is the highest common divisor of q and 90?
9
Let v(g) = -g**2 - 2*g. Let j be v(0). Suppose -5*f + 160 = -0*f - 5*m, 3*f + m - 88 = j. Let d = -8 - -18. Calculate the greatest common factor of d and f.
10
Let j = 8545 + -8481. Calculate the greatest common divisor of j and 1888.
32
Let v(m) = -358*m + 20997. Let z be v(41). Calculate the highest common factor of z and 71.
71
Suppose 0 = z + 4*b, -5*z = -9*b + 4*b - 50. Suppose 5*t + 5*y = 470, 3*t + z*y = 7*y + 292. Let i = 217 + -151. What is the greatest common factor of i and t?
33
Suppose c + 39 + 10 = 0. Let p = -223 + 237. Let s be 14/c - (-46)/p. Calculate the highest common factor of s and 12.
3
Suppose 5*b - 22 = 38. Suppose -2*t - 12*x + 222 = -8*x, -591 = -5*t - x. Let h = 121 - t. What is the highest common factor of h and b?
2
Suppose 50*i + 99*i = 138272. Calculate the greatest common divisor of i and 406.
58
Let k(s) = -s**3 + s**2 + 35. Let r = -146 - -146. Let o be k(r). What is the greatest common divisor of 15 and o?
5
Suppose -4*n = -2*n - 1044. Let w be ((-2)/7 - (-78)/(-21))/(22/(-99)). What is the highest common divisor of n and w?
18
Let h be (84/98)/(6/21). What is the highest common factor of h and 3369?
3
Suppose -32*y + 36 = -30*y. Suppose -2374 = -y*n + 794. What is the highest common factor of n and 66?
22
Suppose 0 = -2*r - 3*s + 2327, -s = -4*s + 3. Let v be 4/(-5)*15355/(-148). What is the greatest common factor of r and v?
83
Let b = 112 - 60. Let o be (-1 - 9)*b/(-10). Let f(w) = 6*w**3 + 22*w**2 - 39*w - 45. Let a be f(2). What is the greatest common factor of o and a?
13
Let h be -1 + -21*(12/21 - (-10)/(-14)). What is the greatest common divisor of h and 157?
1
Let s be -27 - (13 + (-319 - -27)). Calculate the greatest common factor of s and 9252.
36
Let c be -7 - (-219 - 4) - (-4)/2. Calculate the greatest common factor of c and 763.
109
Suppose -68 - 27 = -5*p. Suppose o = -4*w + 1220, -3*o = -w + 2*o + 284. Suppose -74*d = -76*d + w. Calculate the greatest common divisor of d and p.
19
Let a be 4 + 1 + 3 + -8. Let x be 2*(a + -1)*-1. Suppose 0 = -k - x*k - 2*g + 73, -4*k + 2*g = -102. What is the greatest common divisor of 200 and k?
25
Let h(b) = 2*b**2 + 219*b - 860. Let k be h(4). Calculate the highest common divisor of k and 1716.
12
Let g be 195/26*(-16)/(-12). Let l(p) = 3*p**3 - 2*p**2 + 2*p + 1. Let k be l(2). Suppose 5*c - 54 - k = 0. What is the highest common divisor of g and c?
5
Let u = 522 - 1. Suppose 1591 = 33*k - u. What is the highest common factor of k and 160?
32
Suppose -x = -s - 118, 3*x + 4*s = 417 - 70. Suppose 7*n + 52 = 325. What is the highest common factor of x and n?
39
Suppose 0 = j + 3*b - 10179, 0 = -3*j - 2*b + 6963 + 23511. What is the highest common divisor of j and 24?
24
Suppose 6*f = 5*f - 5*y + 603, 5*f - 3041 = y. Calculate the greatest common divisor of f and 32.
32
Let q = -25378 + 25393. Let n(b) = 19*b**3 + 3*b**2 - b + 3. Let c be n(3). Calculate the greatest common divisor of q and c.
15
Let n = 20738 + -13898. Suppose 26*d - n = 2*d. What is the highest common divisor of 114 and d?
57
Suppose -2*r = -3*u + 5, 4*u + 8 = -3*r + 43. Suppose -20 = t - r*t. Let o = 1264 + -1259. What is the highest common divisor of t and o?
5
Let c = 27 + -27. Suppose 